 -2*b - o + 81, -5*o = -4*b + 2. Let f(d) = -22*d + 8. Let c be f(-6). List the prime factors of ((-48)/40)/(b/c).
2, 3, 7
What are the prime factors of (-1 - -3) + -3 - 1 - (-49671 + 5)?
2, 97
Suppose 5*o - 256410 - 207179 = -q, 16*o - 5*q - 1483452 = 0. List the prime factors of o.
92717
What are the prime factors of 17966/(-273)*(0 + 15)*-7?
2, 5, 691
Let d be (2 + -5)*6/(-9). What are the prime factors of (6 - 780/(-25)) + d/(-10)?
37
Let a(u) be the first derivative of u**4/4 + 8*u**3/3 - 5*u**2/2 + 8*u - 21. List the prime factors of a(6).
2, 241
Let n be (((-171)/(-12))/(-3) - -5)*-10228. Let y = -1484 - n. List the prime factors of y.
29, 37
Let x be -9*12/36*(-10)/6. Suppose 0 = -4*d + 16, -5*d + 35 = x*m - 0*d. List the prime factors of m.
3
Suppose -5*s = 0, 3*s + 5 + 11 = 4*h. List the prime factors of (3/9)/(h/3336).
2, 139
Suppose 0 = 28*c + 8*c - 43272. What are the prime factors of c?
2, 601
Let o be (4/6 - (-28)/(-24))*0. Suppose o = 7*h - 21*h + 756. What are the prime factors of h?
2, 3
Let d be (4 - (4 - -1))/(1/(-169)). Let q = d - 75. Let p = q + -39. What are the prime factors of p?
5, 11
Let h = -4 + 10. Suppose -447 = -9*d - h. Let y = -36 + d. What are the prime factors of y?
13
Let n = -18380 - -44656. What are the prime factors of n?
2, 6569
Let o(y) = -y + 1. Let x be o(-1). Let t be x/2*(-112)/(-2). List the prime factors of 9/(-21) + 12288/t.
3, 73
Suppose -6*o - 20 = -3*o - 4*l, -5*o - 4*l - 44 = 0. Let r(w) = -26*w + 107. What are the prime factors of r(o)?
3, 5, 7
Let a = 1240 + 3064. What are the prime factors of a?
2, 269
Suppose 1453 + 511 = d + p, 5*d - 3*p - 9780 = 0. Suppose -2*w + h = -7*w + d, 1939 = 5*w - 4*h. What are the prime factors of w?
17, 23
Let c(r) = 68*r**2 - 39*r + 781. What are the prime factors of c(25)?
2, 3, 11, 641
Let y(a) = 2*a**3 + 79*a**2 - 298*a - 11. List the prime factors of y(-42).
5, 11, 67
Suppose 20032116 = 367*q - 9981144. List the prime factors of q.
2, 3, 5, 29, 47
Suppose 7*n - 175 = 2*n. Let y = 292 - 175. Let g = y + n. What are the prime factors of g?
2, 19
Let f(u) = u**3 + 26*u**2 + 72*u - 6. Let p be f(-23). Let y = p - -530. What are the prime factors of y?
5, 7, 13
Suppose -123*v + 61*v = -57*v - 72585. What are the prime factors of v?
3, 1613
Let m(g) = 6*g**2 + 135*g - 1017. Let h be m(7). Let n(w) = 25*w - 6. Let l be n(-6). Let r = h + l. List the prime factors of r.
2, 3, 11
List the prime factors of 6/(18/201*(-14)/(-6664)).
2, 7, 17, 67
Suppose 5*z - 19 = 26. Suppose 3*l = 4*o + z, -5*o + 9 = -o + 3*l. Suppose 3*x + 2*x - 118 = -4*r, o = -2*x - r + 49. List the prime factors of x.
2, 13
Let t(j) = 8*j + 1815. What are the prime factors of t(-10)?
5, 347
Let w be 272/(-6) - (-16)/(-24). Let a = w - -30. What are the prime factors of (423/12)/(((-28)/a)/7)?
3, 47
Suppose 2*k - 26 = -4*n, -3*k - 2*n + 34 = k. Suppose k*c - 14*c + 1526 = 0. List the prime factors of c.
2, 109
Let u(l) = l**3 + 13*l**2 - 3*l. Let h be u(-9). Let d = h - 93. List the prime factors of d.
2, 3, 43
Let q be (-32 + 30)*46/4*3. Let h = 120 - q. List the prime factors of h.
3, 7
Suppose -4*m - 32*k + 22 = -29*k, -k + 12 = 2*m. Suppose -2*c - 16 = -0. Let w = m - c. List the prime factors of w.
3, 5
List the prime factors of 9/(-63) - 52739/(-7).
2, 3767
Suppose -39*j - 560 = -37*j. What are the prime factors of (-9300)/(-14) - (-80)/j?
2, 83
List the prime factors of (-94 + 91)*(9717/9)/(-1).
41, 79
Suppose -5*a = -6 - 14. Suppose -4*r + 3*n = 9, -4*n + 8 + a = -5*r. Suppose h - 183 + 15 = r. List the prime factors of h.
2, 3, 7
Let c = -18 + 22. Let z be (15/(-9))/(c/564). Let w = z - -384. What are the prime factors of w?
149
Suppose 162*b + 54230 = 167*b + 5*q, 4*b = 2*q + 43408. List the prime factors of b.
2, 5, 7, 31
Suppose 2*n = 66 - 58. Suppose 0 = -5*c + n*r + r + 5, 4*r = -c + 21. What are the prime factors of 8/20 - (-163)/c?
3, 11
Suppose -3*j + 22884 = u, u - 17857 = -4*j + 12656. List the prime factors of j.
3, 2543
Let o(m) = 1. Let v(g) = -13*g + 67. Let d(w) = -6*o(w) + v(w). What are the prime factors of d(-18)?
5, 59
Let x(t) = -2*t**3 + 21*t + 44. Suppose -3*m - 11 = -5*r, -3*m - 21 = -r - 2. List the prime factors of x(m).
11, 53
Let z be (-174)/(-14) + (-33)/77. Suppose 14*d - 3822 = -z*d. List the prime factors of d.
3, 7
Suppose -3*q = 38 - 20. List the prime factors of (1 - (-1194)/9)/(q/(-18)).
401
Let p = -1 + 32. Let r = 26 - p. Let g(y) = -y**3 - 2*y**2 - 11*y + 2. What are the prime factors of g(r)?
2, 3, 11
Suppose k - 5*x + 23 = 0, x - 35 = k + 3*k. Let f be (-1377)/108 - (-2)/(k/(-3)). What are the prime factors of (-3)/f - 75/(-4)?
19
Let t(d) = -d**3 - 26*d**2 + 55*d - 72. Let m be t(-28). List the prime factors of ((-80)/m - 2) + 39840/110.
2, 181
Let j(y) be the first derivative of 4*y**3/3 + y**2/2 - 2*y - 127. List the prime factors of j(3).
37
Let k = 19705 + -13907. List the prime factors of k.
2, 13, 223
Let h be (6/(-9))/((-3)/252). Let r = h + 7. Suppose -4*g - r = -d, -3*d + 2*g + 198 = -g. List the prime factors of d.
67
Let j(l) = -l**2 + 10*l + 10. Let t be j(10). Suppose -5*r + u - 4*u + 2880 = 0, 0 = -2*u + t. What are the prime factors of r?
3, 191
Suppose 2*m = -5*d + 57, 0 = -3*d + 4*m - m + 51. Suppose 8*o = 3*o. Suppose o = d*j - 367 - 153. List the prime factors of j.
2, 5
Let t = 18881 - 5632. List the prime factors of t.
13249
Suppose 3*n - 5*c + 1585 = 520, c - 353 = n. Let z = 508 + n. Let y = z - 82. List the prime factors of y.
2, 19
Let b = 53 + -53. Suppose b = 5*a - 10, g - 2*g + 69 = 3*a. Let i = -28 + g. List the prime factors of i.
5, 7
Let l = -28448 - -32437. List the prime factors of l.
3989
Let t(l) = 2*l + 12. Let r be t(15). Let i = r + 313. What are the prime factors of i?
5, 71
What are the prime factors of 7/((-140)/(-6684))*(33 - -2)?
3, 7, 557
Let t be -1 + (-1 - -10 - 4) - 1. Suppose q - 1803 = -5*b, -8*b + t*b + 1797 = 4*q. What are the prime factors of b?
19
Let z = -110 + 116. Let c(g) = -2*g - 63 - 12*g + z*g. List the prime factors of c(-11).
5
Let a(k) = 25*k - 64. Let c(l) = l - 1. Let f(g) = -a(g) + 5*c(g). List the prime factors of f(-6).
179
Suppose 1069166 = 141*t - 288805. What are the prime factors of t?
9631
Let g(w) = -3*w**3 - 66*w**2 - 27*w + 127. What are the prime factors of g(-30)?
31, 727
Suppose 24*z + 78287 = 258287. List the prime factors of z.
2, 3, 5
Let m(u) = 13*u + 31. Let h(f) = -4*f - 10. Let g(c) = 7*h(c) + 2*m(c). Let w be g(-9). Suppose w - 33 = -d. List the prime factors of d.
23
Suppose 30*g = 5*g. Suppose 3*l - 2977 + 607 = g. What are the prime factors of l?
2, 5, 79
Let h(i) = 2*i + 36. Let f be h(-8). Let y(u) = -4*u + 86. What are the prime factors of y(f)?
2, 3
Let i(n) = 274*n**2 + 56*n - 51. What are the prime factors of i(-11)?
3, 7, 13, 17
Let l(x) = 2*x + 2. Let p be l(-11). Let q = p + 22. Suppose q*h = -2*h - z + 306, 150 = 2*h - z. What are the prime factors of h?
2, 19
Let n = -875 + 921. Suppose i - 891 = -n*t + 51*t, -5*i + 4477 = -3*t. List the prime factors of i.
2, 7
Let g(v) = -v**3 - 10*v**2 - 9*v. Let z = 37 + -46. Let p be g(z). Suppose 5*t - 3*t - 50 = p. List the prime factors of t.
5
Let j be (-835)/10 + 4/(-8). Let u = -60 - j. What are the prime factors of u?
2, 3
Let a(y) = -6*y - 10 + 2*y + 3*y + 0*y. Let r be a(-13). Suppose r*c + 2*c - 140 = 0. List the prime factors of c.
2, 7
Suppose 0*j + 5*j = 20. Suppose 0 = -2*q - j*z + 26, 12 = 3*q - 4*q + 3*z. Let a = 48 - q. List the prime factors of a.
3, 5
Let p(k) = -k + 7. Let t be p(5). Suppose t*o - 5*o - 221 = -5*b, -5*b = o - 233. Suppose -b*g + 47*g - 214 = 0. What are the prime factors of g?
2, 107
Suppose 5*b + 268232 = 17*b - 26536. What are the prime factors of b?
2, 3, 23, 89
Let g = 526 + -352. What are the prime factors of g?
2, 3, 29
Let c = 141 + -138. Let g be ((-33)/(-22))/(c/30). Suppose g*d = 5*d + 120. What are the prime factors of d?
2, 3
Suppose -2*h + k + 0*k = -10, -5*h - k = -18. Let u(o) = 9*o**2 + 10*o + 401 - 204 - 207. List the prime factors of u(h).
2, 3, 29
Let w(l) = -18*l**2 + 2*l + 8. Let f(t) = 65 - 130 + 66. Let n(x) = -2*f(x) - w(x). List the prime factors of n(-3).
2, 79
Suppose -39818 + 119298 = 3*f - 105635. List the prime factors of f.
5, 7, 41, 